{"id":40,"date":"2015-06-12T07:54:41","date_gmt":"2015-06-12T05:54:41","guid":{"rendered":"http:\/\/www.weingut-epp.at\/test\/?page_id=40"},"modified":"2026-04-14T07:22:42","modified_gmt":"2026-04-14T05:22:42","slug":"produkte","status":"publish","type":"page","link":"https:\/\/www.weingut-epp.at\/?page_id=40","title":{"rendered":"Der Wein"},"content":{"rendered":"\n<p><strong>Welschriesling 2025<br><\/strong><\/p>\n\n\n\n<p><strong>Weinviertel DAC 2025<br><\/strong><\/p>\n\n\n\n<p><strong>Weinviertel DAC 2025<\/strong><em> Riede Waidendorfer Kruttberge<\/em><br><\/p>\n\n\n\n<p><strong>Chardonnay 2025<br><\/strong><\/p>\n\n\n\n<p><strong>Wei\u00dfburgunder 2025<\/strong><\/p>\n\n\n\n<p><\/p>\n\n\n\n<p><strong>Gelber Muskateller 2025<br><\/strong><\/p>\n\n\n\n<p><strong>S\u00e4mling 88 Ernte 2025<br><\/strong><\/p>\n\n\n\n<p><strong>Muskateller Frizzante 2025<\/strong><\/p>\n\n\n\n<p><strong><strong>Merlot-Ros\u00e9 202<\/strong>5 <\/strong><\/p>\n\n\n\n<p><strong><strong>Zweigelt&nbsp;<\/strong> &nbsp; <\/strong><\/p>\n\n\n\n<p><strong><strong>St. Laurent <\/strong><\/strong><\/p>\n\n\n\n<p><strong>R\u00f6sler<\/strong> (zurzeit nicht vorr\u00e4tig)<\/p>\n\n\n\n<p><strong>Merlot <\/strong><\/p>\n\n\n\n<p><strong>Traubensaft <\/strong><\/p>\n\n\n\n<p>aus den roten Trauben der&nbsp;Sorte&nbsp;St. Laurent<\/p>\n\n\n\n<p><strong>Wei\u00dfer Spritzer im 12er Pack (0,33l) &nbsp; &nbsp; &nbsp; &nbsp; &nbsp; &nbsp; &nbsp; &nbsp; &nbsp; &nbsp; &nbsp; &nbsp; &nbsp; &nbsp; &nbsp; &nbsp; &nbsp; &nbsp; &nbsp; &nbsp; &nbsp; &nbsp; &nbsp; &nbsp; &nbsp; &nbsp; &nbsp; &nbsp; &nbsp; &nbsp; &nbsp; &nbsp; &nbsp; &nbsp; &nbsp; &nbsp; &nbsp; &nbsp; &nbsp; &nbsp; &nbsp;&nbsp;<\/strong><\/p>\n\n\n\n<p><strong><br><\/strong><\/p>\n\n\n<div class=\"wp-block-image\">\n<figure class=\"aligncenter size-large is-resized\"><img loading=\"lazy\" decoding=\"async\" width=\"600\" height=\"901\" src=\"https:\/\/www.weingut-epp.at\/wp-content\/uploads\/2021\/05\/Weinglas1-2.jpg\" alt=\"\" class=\"wp-image-1199\" style=\"width:349px;height:522px\" srcset=\"https:\/\/www.weingut-epp.at\/wp-content\/uploads\/2021\/05\/Weinglas1-2.jpg 600w, https:\/\/www.weingut-epp.at\/wp-content\/uploads\/2021\/05\/Weinglas1-2-200x300.jpg 200w, https:\/\/www.weingut-epp.at\/wp-content\/uploads\/2021\/05\/Weinglas1-2-100x150.jpg 100w, https:\/\/www.weingut-epp.at\/wp-content\/uploads\/2021\/05\/Weinglas1-2-426x640.jpg 426w, https:\/\/www.weingut-epp.at\/wp-content\/uploads\/2021\/05\/Weinglas1-2-400x601.jpg 400w\" sizes=\"(max-width: 600px) 100vw, 600px\" \/><\/figure><\/div>\n\n\n<p class=\"has-text-align-right\"><\/p>\n\n\n\n<p><\/p>\n\n\n\n<p><\/p>\n","protected":false},"excerpt":{"rendered":"<p>Welschriesling 2025 Weinviertel DAC 2025 Weinviertel DAC 2025 Riede Waidendorfer Kruttberge Chardonnay 2025 Wei\u00dfburgunder 2025 Gelber Muskateller 2025 S\u00e4mling 88 Ernte 2025 Muskateller Frizzante 2025 Merlot-Ros\u00e9 2025 Zweigelt&nbsp; &nbsp; St. Laurent R\u00f6sler (zurzeit nicht vorr\u00e4tig) &hellip;<\/p>\n","protected":false},"author":1,"featured_media":46,"parent":0,"menu_order":0,"comment_status":"closed","ping_status":"closed","template":"","meta":{"_exactmetrics_skip_tracking":false,"_exactmetrics_sitenote_active":false,"_exactmetrics_sitenote_note":"","_exactmetrics_sitenote_category":0,"footnotes":""},"jetpack_sharing_enabled":true,"_links":{"self":[{"href":"https:\/\/www.weingut-epp.at\/index.php?rest_route=\/wp\/v2\/pages\/40"}],"collection":[{"href":"https:\/\/www.weingut-epp.at\/index.php?rest_route=\/wp\/v2\/pages"}],"about":[{"href":"https:\/\/www.weingut-epp.at\/index.php?rest_route=\/wp\/v2\/types\/page"}],"author":[{"embeddable":true,"href":"https:\/\/www.weingut-epp.at\/index.php?rest_route=\/wp\/v2\/users\/1"}],"replies":[{"embeddable":true,"href":"https:\/\/www.weingut-epp.at\/index.php?rest_route=%2Fwp%2Fv2%2Fcomments&post=40"}],"version-history":[{"count":150,"href":"https:\/\/www.weingut-epp.at\/index.php?rest_route=\/wp\/v2\/pages\/40\/revisions"}],"predecessor-version":[{"id":1856,"href":"https:\/\/www.weingut-epp.at\/index.php?rest_route=\/wp\/v2\/pages\/40\/revisions\/1856"}],"wp:featuredmedia":[{"embeddable":true,"href":"https:\/\/www.weingut-epp.at\/index.php?rest_route=\/wp\/v2\/media\/46"}],"wp:attachment":[{"href":"https:\/\/www.weingut-epp.at\/index.php?rest_route=%2Fwp%2Fv2%2Fmedia&parent=40"}],"curies":[{"name":"wp","href":"https:\/\/api.w.org\/{rel}","templated":true}]}}