{"id":790,"date":"2020-08-28T14:23:47","date_gmt":"2020-08-28T12:23:47","guid":{"rendered":"http:\/\/www.weingut-epp.at\/?post_type=product&#038;p=790"},"modified":"2026-03-07T19:53:27","modified_gmt":"2026-03-07T18:53:27","slug":"muskateller-frizzante-2019","status":"publish","type":"product","link":"https:\/\/www.weingut-epp.at\/?product=muskateller-frizzante-2019","title":{"rendered":"Muskateller Frizzante 2025"},"content":{"rendered":"<p>fruchtig Note, feine Kr\u00e4uteraromatik, am Gaumen angenehm prickelnd,<\/p>\n<p>idealer Fr\u00fchlings- und Sommerbegleiter, trocken<\/p>\n","protected":false},"excerpt":{"rendered":"<p>fruchtig blumige Note, feine Kr\u00e4uteraromatik,<\/p>\n<p>am Gaumen angenehm prickelnd,<\/p>\n<p>idealer Fr\u00fchlings- und Sommerbegleiter, passend zu vielf\u00e4ltigen Speisen, Aperitif bei besonderen Anl\u00e4ssen<\/p>\n<p>sehr beliebt als Aperitiv, halbtrocken<\/p>\n","protected":false},"featured_media":1085,"comment_status":"closed","ping_status":"closed","template":"","meta":{"_exactmetrics_skip_tracking":false,"_exactmetrics_sitenote_active":false,"_exactmetrics_sitenote_note":"","_exactmetrics_sitenote_category":0},"product_cat":[48],"product_tag":[],"jetpack_sharing_enabled":true,"_links":{"self":[{"href":"https:\/\/www.weingut-epp.at\/index.php?rest_route=\/wp\/v2\/product\/790"}],"collection":[{"href":"https:\/\/www.weingut-epp.at\/index.php?rest_route=\/wp\/v2\/product"}],"about":[{"href":"https:\/\/www.weingut-epp.at\/index.php?rest_route=\/wp\/v2\/types\/product"}],"replies":[{"embeddable":true,"href":"https:\/\/www.weingut-epp.at\/index.php?rest_route=%2Fwp%2Fv2%2Fcomments&post=790"}],"wp:featuredmedia":[{"embeddable":true,"href":"https:\/\/www.weingut-epp.at\/index.php?rest_route=\/wp\/v2\/media\/1085"}],"wp:attachment":[{"href":"https:\/\/www.weingut-epp.at\/index.php?rest_route=%2Fwp%2Fv2%2Fmedia&parent=790"}],"wp:term":[{"taxonomy":"product_cat","embeddable":true,"href":"https:\/\/www.weingut-epp.at\/index.php?rest_route=%2Fwp%2Fv2%2Fproduct_cat&post=790"},{"taxonomy":"product_tag","embeddable":true,"href":"https:\/\/www.weingut-epp.at\/index.php?rest_route=%2Fwp%2Fv2%2Fproduct_tag&post=790"}],"curies":[{"name":"wp","href":"https:\/\/api.w.org\/{rel}","templated":true}]}}